 divisor of 8 and 152.
8
Calculate the highest common divisor of 1701 and 21.
21
Calculate the highest common factor of 417 and 33.
3
What is the greatest common factor of 117 and 1935?
9
What is the highest common factor of 183 and 12?
3
What is the greatest common divisor of 60 and 108?
12
Calculate the greatest common factor of 176 and 77.
11
What is the greatest common factor of 3208 and 16?
8
What is the greatest common factor of 3325 and 38?
19
What is the highest common factor of 4 and 128?
4
What is the highest common divisor of 1577 and 83?
83
Calculate the highest common factor of 589 and 19.
19
What is the highest common divisor of 10016 and 96?
32
What is the highest common divisor of 11 and 1397?
11
Calculate the highest common factor of 182 and 52.
26
Calculate the highest common factor of 25 and 4350.
25
Calculate the greatest common factor of 244 and 28.
4
Calculate the greatest common factor of 30 and 1060.
10
Calculate the greatest common divisor of 2 and 1198.
2
Calculate the highest common factor of 882 and 1526.
14
What is the highest common factor of 304 and 190?
38
What is the highest common factor of 16281 and 243?
243
What is the highest common divisor of 75 and 30?
15
What is the highest common factor of 16 and 66128?
16
Calculate the greatest common factor of 725 and 50.
25
What is the greatest common factor of 352 and 506?
22
What is the highest common divisor of 5 and 395?
5
Calculate the highest common divisor of 1825 and 73.
73
Calculate the greatest common divisor of 72 and 108.
36
What is the greatest common divisor of 88 and 143?
11
Calculate the greatest common factor of 22 and 121.
11
What is the greatest common divisor of 692 and 4?
4
What is the highest common factor of 141 and 31866?
141
What is the highest common factor of 1000 and 225?
25
Calculate the highest common divisor of 21 and 462.
21
What is the greatest common factor of 32 and 9904?
16
What is the highest common divisor of 47 and 611?
47
Calculate the highest common divisor of 38 and 266.
38
What is the greatest common factor of 708 and 12?
12
What is the greatest common divisor of 6328 and 113?
113
What is the highest common factor of 18 and 369?
9
Calculate the greatest common divisor of 609 and 174.
87
Calculate the highest common factor of 32 and 56.
8
Calculate the highest common divisor of 1639 and 22.
11
Calculate the greatest common factor of 1 and 53.
1
What is the highest common factor of 27 and 225?
9
Calculate the greatest common factor of 2320 and 240.
80
What is the greatest common divisor of 119 and 85?
17
What is the greatest common divisor of 16 and 1264?
16
What is the highest common factor of 16 and 17872?
16
What is the highest common divisor of 32 and 704?
32
Calculate the greatest common divisor of 12552 and 24.
24
Calculate the greatest common divisor of 78 and 36.
6
Calculate the highest common divisor of 1302 and 112.
14
What is the greatest common factor of 3136 and 1232?
112
Calculate the greatest common factor of 45 and 1575.
45
Calculate the greatest common divisor of 152 and 24.
8
What is the greatest common divisor of 19 and 1368?
19
Calculate the greatest common factor of 904 and 3842.
226
Calculate the highest common factor of 3248 and 64.
16
What is the highest common factor of 425 and 901?
17
What is the highest common factor of 57 and 19?
19
What is the greatest common factor of 260 and 1940?
20
What is the greatest common factor of 16 and 584?
8
Calculate the highest common divisor of 26 and 1794.
26
Calculate the highest common factor of 6807 and 3.
3
Calculate the highest common factor of 405 and 45.
45
What is the highest common factor of 60 and 630?
30
What is the highest common factor of 36 and 4140?
36
Calculate the highest common factor of 135 and 5.
5
Calculate the greatest common divisor of 24 and 516.
12
What is the highest common divisor of 1177 and 11?
11
What is the greatest common factor of 1152 and 45?
9
Calculate the greatest common factor of 2 and 34.
2
Calculate the greatest common factor of 28 and 924.
28
What is the greatest common factor of 5944 and 8?
8
Calculate the highest common divisor of 3927 and 231.
231
Calculate the highest common factor of 39 and 37869.
39
Calculate the highest common divisor of 9 and 9.
9
What is the greatest common divisor of 360 and 504?
72
What is the greatest common divisor of 190 and 57?
19
Calculate the greatest common divisor of 592 and 185.
37
Calculate the highest common factor of 35 and 19495.
35
Calculate the greatest common factor of 8757 and 126.
63
What is the greatest common factor of 294 and 7?
7
Calculate the greatest common factor of 16 and 120.
8
Calculate the greatest common divisor of 244 and 183.
61
What is the highest common divisor of 71 and 3?
1
What is the highest common factor of 67 and 23651?
67
Calculate the greatest common divisor of 156 and 39.
39
Calculate the greatest common divisor of 209 and 253.
11
Calculate the highest common divisor of 27 and 15.
3
What is the greatest common factor of 966 and 546?
42
What is the highest common divisor of 26 and 1222?
26
What is the greatest common divisor of 28 and 861?
7
Calculate the greatest common divisor of 69 and 8579.
23
Calculate the greatest common divisor of 13 and 468.
13
Calculate the highest common factor of 2 and 3877.
1
Calculate the greatest common factor of 161 and 7.
7
Calculate the greatest common factor of 558 and 72.
18
Calculate the greatest common factor of 785 and 10048.
157
Calculate the highest common divisor of 528 and 1254.
66
Calculate the highest common factor of 60 and 180.
60
What is the highest common divisor of 608 and 112?
16
What is the highest common divisor of 35 and 140?
35
Calculate the highest common factor of 1048 and 2489.
131
Calculate the highest common divisor of 19 and 285.
19
What is the highest common divisor of 350 and 42?
14
Calculate the greatest common factor of 98 and 266.
14
Calculate the greatest common divisor of 40 and 160.
40
Calculate the highest common factor of 2570 and 10.
10
What is the highest common divisor of 45 and 165?
15
What is the highest common factor of 136 and 10608?
136
Calculate the highest common divisor of 150 and 4.
2
What is the highest common factor of 546 and 1794?
78
Calculate the greatest common divisor of 162 and 162.
162
Calculate the highest common divisor of 660 and 10.
10
Calculate the greatest common factor of 697 and 34.
17
What is the greatest common factor of 513 and 279?
9
Calculate the greatest common factor of 100 and 6160.
20
Calculate the highest common factor of 1053 and 299.
13
Calculate the highest common factor of 20 and 170.
10
Calculate the greatest common divisor of 66 and 2475.
33
What is the greatest common divisor of 70 and 20?
10
What is the highest common divisor of 125 and 50?
25
What is the highest common factor of 24 and 24?
24
What is the greatest common factor of 24 and 384?
24
Calculate the greatest common factor of 1944 and 32.
8
Calculate the greatest common factor of 30 and 96.
6
What is the highest common factor of 35 and 45?
5
What is the highest common divisor of 7 and 23730?
7
What is the highest common divisor of 4 and 1964?
4
Calculate the greatest common divisor of 327 and 109.
109
What is the highest common factor of 12 and 196?
4
What is the highest common factor of 23 and 23?
23
Calculate the highest common divisor of 10 and 670.
10
What is the greatest common divisor of 164 and 9143?
41
What is the highest common factor of 253 and 115?
23
Calculate the highest common divisor of 43 and 86.
43
What is the highest common divisor of 18 and 387?
9
What is the highest common divisor of 54128 and 34?
34
What is the greatest common divisor of 188 and 452?
4
Calculate the highest common divisor of 39 and 949.
13
What is the highest common divisor of 95 and 133?
19
Calculate the greatest common factor of 1440 and 180.
180
What is the greatest common factor of 75 and 1455?
15
Calculate the greatest common factor of 360 and 225.
45
What is the greatest common divisor of 8257 and 92?
23
What is the highest common factor of 18304 and 13?
13
Calculate the greatest common divisor of 68 and 85.
17
What is the highest common factor of 64213 and 157?
157
What is the highes